{"id":71396,"date":"2018-05-23T23:12:21","date_gmt":"2018-05-23T21:12:21","guid":{"rendered":"http:\/\/romfil.com\/cms\/?page_id=71396"},"modified":"2025-01-27T02:11:12","modified_gmt":"2025-01-27T01:11:12","slug":"datenschutzrichtlinie","status":"publish","type":"page","link":"https:\/\/romfil.com\/cms\/uber-uns\/datenschutzrichtlinie\/","title":{"rendered":"Datenschutzrichtlinie"},"content":{"rendered":"<p><strong>Interne Datenschutzrichtlinien f\u00fcr den Umgang mit Wiederverk\u00e4ufer-, Lieferanten-, Interessenten- und Kundendaten innerhalb der Romfil GmbH<\/strong><\/p>\n<p>&nbsp;<\/p>\n<p>Hiermit informieren wir unsere Wiederverk\u00e4ufer, Lieferanten, Kunden und Interessenten wie die Romfil GmbH mit Daten, die von der Gesellschaft erhoben werden, umgeht.<\/p>\n<p>Es handelt sich um die internen Datenschutzrichtlinien der<\/p>\n<p>Romfil Gesellschaft mit beschr\u00e4nkter Haftung<\/p>\n<p>Karl-F\u00f6rster-Stra\u00dfe 7<\/p>\n<p>D-55545 Bad Kreuznach<\/p>\n<p>Tel.: +49 (0)671-48 33 030<\/p>\n<p>E-Mail: info@romfil.com<\/p>\n<p>Internet: www.romfil.com<\/p>\n<p>Vertretungsberechtigte Gesch\u00e4ftsf\u00fchrer: Axel Lorei, Janine Lorei<\/p>\n<p>Registergericht: Amtsgericht Bad Kreuznach<\/p>\n<p>Registernummer: HRB 24059<\/p>\n<p>Umsatzsteuer-Identifikationsnummer gem\u00e4\u00df \u00a7 27 a Umsatzsteuergesetz: DE 199108097<\/p>\n<p>Verantwortlicher i. S. d. \u00a7 55 Abs. 2 RStV: Axel Lorei, Romfil GmbH, Karl-F\u00f6rster-Stra\u00dfe 7, 55545 Bad Kreuznach<\/p>\n<p>&nbsp;<\/p>\n<p>Die Romfil GmbH hat Kenntnis von der aktuellen Verordnung (EU) 2016\/679 des Europ\u00e4ischen Parlaments und des Rates vom 27. April 2016 zum Schutz nat\u00fcrlicher Personen bei der Verarbeitung personenbezogener Daten, zum freien Datenverkehr und zur Aufhebung der Richtlinie 95\/46EG.<\/p>\n<p>Die Produkte, Leistungen und Angebote der Romfil GmbH richten sich nicht an Privatpersonen. Sie richten sich ausschlie\u00dflich an Kunden und Interessenten aus dem Business-to-Business-Bereich (B2B). Die handelnden Akteure sind dementsprechend Vertreter juristischer Personen oder sind selbst Gewerbetreibende.<\/p>\n<p>Die Romfil GmbH erhebt und speichert ausschlie\u00dflich Daten, die sie f\u00fcr die Vertragsanbahnung und Vertragsaus\u00fcbung ihrer Leistungen und Angebote ben\u00f6tigt.<\/p>\n<p>In der Romfil GmbH arbeiten im Moment keine Mitarbeiter, die sich ausschlie\u00dflich mit der Erhebung und Verarbeitung von Kunden- und Interessentendaten besch\u00e4ftigen. Aus diesem Grund kann auf die Bestellung eines Datenschutzbeauftragten verzichtet werden.<\/p>\n<p>In diesem Fall ist die Gesch\u00e4ftsf\u00fchrung &#8211; in Persona Axel Lorei und Janine Lorei &#8211; verantwortlich f\u00fcr den Einhalt der Verordnung (EU) 2016\/679 des Europ\u00e4ischen Parlaments und des Rates vom 27. April 2016 zum Schutz nat\u00fcrlicher Personen bei der Verarbeitung personenbezogenen Daten zum freien Datenverkehr.<\/p>\n<p>Alle Mitarbeiter wurden \u00fcber die Verordnung (EU) 2016\/679 und die Wichtigkeit der Einhaltung der Datenschutzregeln und der Verschwiegenheit bezogen auf Kunden-, Interessenten- und Mitarbeiterdaten aufgekl\u00e4rt und belehrt.<\/p>\n<p>Alle erhobenen Daten werden gesichert aufbewahrt und gespeichert. F\u00fcr die L\u00f6schung der Daten gelten die Verordnung (EU) 2016\/679 und die gesetzlichen Aufbewahrungsfristen.<\/p>\n<p>Jeder Arbeitsplatz von Mitarbeitern, die mit relevanten Daten umgehen, wurde mit einem Aktenvernichter mit Partikelschnitt ausgestattet. Jeder Mitarbeiter ist verpflichtet, auf die Funktionst\u00fcchtigkeit zu achten. Bei Nichtfunktion muss der Defekt umgehend der Gesch\u00e4ftsf\u00fchrung gemeldet werden.<\/p>\n<p>Fragen oder Beschwerden zur Datenschutzerkl\u00e4rung oder zu Datenverarbeitungsaktivit\u00e4ten der Romfil GmbH, einschlie\u00dflich der Widerrufserkl\u00e4rung f\u00fcr die Verarbeitung personenbezogener Daten sollen an folgende Adresse gerichtet sein:<\/p>\n<p>&nbsp;<\/p>\n<p><strong>F\u00fcr Kunden-, Wiederverk\u00e4ufer- Lieferanten- und Interessentendaten:<\/strong><\/p>\n<p>Axel Lorei<\/p>\n<p>Romfil Gesellschaft mit beschr\u00e4nkter Haftung<\/p>\n<p>Karl-F\u00f6rster-Stra\u00dfe 7<\/p>\n<p>D-55545 Bad Kreuznach<\/p>\n<p>Tel.: +49 (0)671-48 33 030<\/p>\n<p>E-Mail: <a href=\"mailto:lorei@romfil.com\">lorei@romfil.com<\/a><\/p>\n<p>&nbsp;<\/p>\n<p><strong>F\u00fcr Mitarbeiterdaten:<\/strong><\/p>\n<p>Janine Lorei<\/p>\n<p>Romfil Gesellschaft mit beschr\u00e4nkter Haftung<\/p>\n<p>Karl-F\u00f6rster-Stra\u00dfe 7<\/p>\n<p>D-55545 Bad Kreuznach Wolfsheim<\/p>\n<p>Tel.: +49 (0)671-48 33 030<\/p>\n<p>E-Mail: janine.lorei@romfil.com<\/p>\n<p><strong>\u00a0<\/strong><\/p>\n<p><strong>Wiederverk\u00e4ufer-, Lieferanten- und Kunden- und Interessentendaten<\/strong><\/p>\n<p>Die Produkte, Leistungen und Angebote der Romfil GmbH richten sich nicht an Privatpersonen. Sie richten sich ausschlie\u00dflich an Kunden und Interessenten aus dem Business-to-Business-Bereich (B2B). Die handelnden Akteure sind dementsprechend Vertreter juristischer Personen oder sind selbst Gewerbetreibende.<\/p>\n<p>Die Romfil GmbH erhebt und speichert ausschlie\u00dflich Daten, die sie f\u00fcr die Vertragsanbahnung, Vertragsaus\u00fcbung ihrer Leistungen und f\u00fcr Angebote ben\u00f6tigt.<\/p>\n<p>Der Internetauftritt, einschlie\u00dflich der Social Media Kan\u00e4le (Facebook, Twitter und Instagram) dient rein der Informationsbereitstellung seitens der Romfil GmbH.<\/p>\n<p>Es werden auf den Webseiten der Romfil GmbH keine Cookies gesetzt oder personenbezogene Informationen \u00fcber Benutzer und Besucher der Seiten gespeichert.<\/p>\n<p>Dar\u00fcberhinaus sammelt die Romfil GmbH keinerlei Informationen \u00fcber die Social Media Kan\u00e4le. \u00dcber die Sichtbarkeit der Besucherdaten entscheidet der Besucher der Seiten der Romfil GmbH \u00fcber sein jeweiliges Profil bei den Anbietern der Social Media Dienste selbst.<\/p>\n<p>Interessentendaten werden im Sinne der Verordnung (EU) 2016\/679 erhoben und dementsprechend wieder gel\u00f6scht.<\/p>\n<p>&nbsp;<\/p>\n<p><strong>Welche Informationen sammelt und speichert die Romfil GmbH?<\/strong><\/p>\n<p>Die Angebote der Romfil GmbH richten sich an Kunden im Business-to-Business-Bereich. Es werden Informationen erhoben, die sich rein auf den gesch\u00e4ftlichen Rahmen beziehen.<\/p>\n<p>F\u00fcr die Bearbeitung und Abwicklung unserer Auftr\u00e4ge speichert die Romfil GmbH von Interessenten, Kunden, Lieferanten und Wiederverk\u00e4ufern:<\/p>\n<ul>\n<li>Name und Anschrift des Unternehmen<\/li>\n<li>Name und Anschrift des Vertreters bzw. Ansprechpartners des jeweiligen Unternehmens<\/li>\n<li>Telefonnummer \/ Mobilnummer<\/li>\n<li>Telefaxnummer<\/li>\n<li>Email-Adresse<\/li>\n<li>Webseite<\/li>\n<li>Social Media Kan\u00e4le, einschlie\u00dflich WhatsApp<\/li>\n<li>Vertragsdaten (Maschinendaten, Moduldaten)<\/li>\n<li>Maschinen- bzw. Ersatzteile, die bestellt wurden<\/li>\n<li>Bankverbindungen<\/li>\n<li>Schriftwechsel<\/li>\n<\/ul>\n<p>Die Romfil GmbH beh\u00e4lt sich vor, die Zahl der gesammelten Informationen zu ver\u00e4ndern und zu erg\u00e4nzen. Die jeweils aktuelle Datenschutzrichtlinie der Romfil GmbH ist f\u00fcr jeden auf der Website der Romfil GmbH &#8211; <a href=\"http:\/\/www.romfil.com\">www.romfil.com<\/a> &#8211; einzusehen.<\/p>\n<p><strong>\u00a0<\/strong><\/p>\n<p><strong>Warum speichern wir diese Daten?<\/strong><\/p>\n<p>Diese Daten werden von der Romfil GmbH erhoben, um eine reibungsfreie Auftragsabwicklung zu erm\u00f6glichen.<\/p>\n<p>Maschinenteile werden gespeichert, um im Servicefall Ersatzteile bereitzustellen und den Arbeitseinsatz planen zu k\u00f6nnen.<\/p>\n<p>&nbsp;<\/p>\n<p><strong>Wie und wo werden die Daten gespeichert?<\/strong><\/p>\n<p>Die Romfil GmbH speichert die erhobenen Daten manuell (als Kopie bzw. Ablichtung) oder automatisiert auf den PC\u00b4s und Servern der Romfil GmbH. Alle PC\u00b4s sind passwortgesch\u00fctzt. Personalakten sind in einem verschlossenem Schrank aufbewahrt.<\/p>\n<p>&nbsp;<\/p>\n<p><strong>Werden die Daten weitergegeben?<\/strong><\/p>\n<p>Die Rechnungsdaten und Provisionszahlungen werden f\u00fcr die Bearbeitung der Buchhaltung an den f\u00fcr die Romfil GmbH t\u00e4tigen Steuerberater weitergegeben. Auch hier werden die Datenschutzbestimmungen eingehalten.<\/p>\n<p>&nbsp;<\/p>\n<p><strong>Wann werden die Daten gel\u00f6scht?<\/strong><\/p>\n<p>Alle erhobenen Daten werden f\u00fcr die Auftragsabwicklung und f\u00fcr die Bearbeitung etwaiger Serviceeins\u00e4tze gespeichert. Dar\u00fcber hinaus speichern wir Adressdaten, um unsere Kunden, Wiederverk\u00e4ufer und Interessenten f\u00fcr Produktempfehlungen und Neuentwicklungen, Messeauftritte und eventueller Produktschulungen ansprechen und einladen zu k\u00f6nnen.<\/p>\n<p>Die L\u00f6schung von Rechnungsdaten unterliegt gesetzlichen Aufbewahrungsfristen. Nach Ablauf diese Fristen werden die erhobenen Daten gel\u00f6scht.<\/p>\n<p>&nbsp;<\/p>\n<p><strong>\u00a0Wie kann ich meine Daten einsehen und w<\/strong><strong>o kann ich meiner Einwilligung widersprechen?<\/strong><\/p>\n<p>F\u00fcr Fragen und Widerrufung der Einwilligung folgende Adresse benutzen:<\/p>\n<p>Axel Lorei<\/p>\n<p>Romfil Gesellschaft mit beschr\u00e4nkter Haftung<\/p>\n<p>Karl-F\u00f6rster-Stra\u00dfe 7<\/p>\n<p>D-55545 Bad Kreuznach<\/p>\n<p>Tel.: +49 (0)671-48 33 030<\/p>\n<p>E-Mail: lorei@romfil.com<\/p>\n<p><strong>\u00a0<\/strong><\/p>\n<p><strong>Einwilligungserkl\u00e4rung f\u00fcr die Speicherung und Verwendung Daten und Informationen<\/strong><\/p>\n<p>&nbsp;<\/p>\n<p>Hiermit best\u00e4tige ich, dass mir die Datenschutzrichtlinien der Romfil GmbH bekannt sind. Ich habe diese von der Romfil GmbH ausgeh\u00e4ndigt bekommen oder sie auf der Internetseite der Romfil GmbH gelesen.<\/p>\n<p>Ich willige ein, dass die Romfil Gesellschaft mit beschr\u00e4nkter Haftung, Sitz in 55545 Bad Kreuznach, Karl-F\u00f6rster-Stra\u00dfe 7, meine oben aufgef\u00fchrten Daten erheben, speichern und verwenden darf.<\/p>\n<p>Mir ist bewusst, dass die Romfil GmbH diese Daten zur Bearbeitung der Lohnunterlagen an ihren Steuerberater weiterleitet. Dies genehmige ich mit dieser Unterschrift.<\/p>\n<p>Ich kann diese Einwilligung jederzeit bei den oben genannten Stellen widerrufen.<\/p>\n<p>Bad Kreuznach, 26. Januar 2025<\/p>\n<p>&nbsp;<\/p>\n","protected":false},"excerpt":{"rendered":"<p>Interne Datenschutzrichtlinien f\u00fcr den Umgang mit Wiederverk\u00e4ufer-, Lieferanten-, Interessenten- und Kundendaten innerhalb der Romfil GmbH &nbsp; Hiermit informieren wir unsere<\/p>\n<p><a href=\"https:\/\/romfil.com\/cms\/uber-uns\/datenschutzrichtlinie\/\" class=\"more-link\">Continue reading<span class=\"screen-reader-text\">Datenschutzrichtlinie<\/span><\/a><\/p>\n","protected":false},"author":1,"featured_media":0,"parent":71247,"menu_order":0,"comment_status":"closed","ping_status":"closed","template":"","meta":{"footnotes":""},"class_list":["post-71396","page","type-page","status-publish","hentry"],"_links":{"self":[{"href":"https:\/\/romfil.com\/cms\/wp-json\/wp\/v2\/pages\/71396","targetHints":{"allow":["GET"]}}],"collection":[{"href":"https:\/\/romfil.com\/cms\/wp-json\/wp\/v2\/pages"}],"about":[{"href":"https:\/\/romfil.com\/cms\/wp-json\/wp\/v2\/types\/page"}],"author":[{"embeddable":true,"href":"https:\/\/romfil.com\/cms\/wp-json\/wp\/v2\/users\/1"}],"replies":[{"embeddable":true,"href":"https:\/\/romfil.com\/cms\/wp-json\/wp\/v2\/comments?post=71396"}],"version-history":[{"count":6,"href":"https:\/\/romfil.com\/cms\/wp-json\/wp\/v2\/pages\/71396\/revisions"}],"predecessor-version":[{"id":71686,"href":"https:\/\/romfil.com\/cms\/wp-json\/wp\/v2\/pages\/71396\/revisions\/71686"}],"up":[{"embeddable":true,"href":"https:\/\/romfil.com\/cms\/wp-json\/wp\/v2\/pages\/71247"}],"wp:attachment":[{"href":"https:\/\/romfil.com\/cms\/wp-json\/wp\/v2\/media?parent=71396"}],"curies":[{"name":"wp","href":"https:\/\/api.w.org\/{rel}","templated":true}]}}