{"id":71249,"date":"2016-11-27T16:50:00","date_gmt":"2016-11-27T15:50:00","guid":{"rendered":"http:\/\/romfil.com\/cms\/?page_id=71249"},"modified":"2025-01-26T23:11:46","modified_gmt":"2025-01-26T22:11:46","slug":"impressum","status":"publish","type":"page","link":"https:\/\/romfil.com\/cms\/uber-uns\/impressum\/","title":{"rendered":"Impressum \/ Datenschutz"},"content":{"rendered":"<p>Romfil GmbH<\/p>\n<p>Karl-F\u00f6rster-Stra\u00dfe 7<\/p>\n<p>D-55545 Bad Kreuznach<\/p>\n<p>Tel.: +49 (0)671-48 33 030<br \/>\nE-Mail: info@romfil.com<br \/>\nInternet: www.romfil.com<\/p>\n<p>Vertretungsberechtigte Gesch\u00e4ftsf\u00fchrer: Axel Lorei, Janine Lorei<\/p>\n<p>Registergericht: Amtsgericht Bad Kreuznach<\/p>\n<p>Registernummer: HRB 24059<\/p>\n<p>Umsatzsteuer-Identifikationsnummer gem\u00e4\u00df \u00a7 27 a Umsatzsteuergesetz: DE 199108097<\/p>\n<p>Verantwortlicher i. S. d. \u00a7 55 Abs. 2 RStV: Axel Lorei, Romfil GmbH, Karl-F\u00f6rster-Stra\u00dfe 7, 55545 Bad Kreuznach<\/p>\n<p><strong>Datenschutz:<\/strong><\/p>\n<p class=\"Text\">Die Romfil GmbH hat Kenntnis von der aktuellen Verordnung (EU) 2016\/679 des Europ\u00e4ischen Parlaments und des Rates vom 27. April 2016 zum Schutz nat\u00fcrlicher Personen bei der Verarbeitung personenbezogener Daten, zum freien Datenverkehr und zur Aufhebung der Richtlinie 95\/46EG.<\/p>\n<p class=\"Text\">Die Produkte, Leistungen und Angebote der Romfil GmbH richten sich nicht an Privatpersonen. Sie richten sich ausschlie\u00dflich an Kunden und Interessenten aus dem Business-to-Business-Bereich (B2B). Die handelnden Akteure sind dementsprechend Vertreter juristischer Personen oder sind selbst Gewerbetreibende.<\/p>\n<p class=\"Text\">Die Romfil GmbH erhebt und speichert ausschlie\u00dflich Daten, die sie f\u00fcr die Vertragsanbahnung und Vertragsaus\u00fcbung ihrer Leistungen und f\u00fcr Angebote ben\u00f6tigt.<\/p>\n<p class=\"Text\">Die aktuelle Datenschutzrichtlinie ist <a href=\"https:\/\/romfil.com\/cms\/de\/uber-uns\/datenschutzrichtlinie\/\"><u>hier<\/u><\/a> f\u00fcr unsere Kunden, Interessenten, Lieferanten und Wiederverk\u00e4ufer einsehbar.<\/p>\n<p class=\"Text\">Interessentendaten werden im Sinne der Verordnung (EU) 2016\/679 erhoben und dementsprechend wieder gel\u00f6scht.<\/p>\n<p class=\"Text\">Der Internetauftritt, einschlie\u00dflich der Social Media Kan\u00e4le (Facebook, Twitter und Instagram) dient rein der Informationsbereitstellung seitens der Romfil GmbH.<\/p>\n<p class=\"Text\">Es werden auf den Webseiten der Romfil GmbH keine Cookies gesetzt oder personenbezogene Informationen \u00fcber Benutzer und Besucher der Seiten gesammelt und gespeichert.<\/p>\n<p class=\"Text\">Dar\u00fcberhinaus sammelt und speichert die Romfil GmbH keinerlei personenbezogene Informationen \u00fcber die Social Media Kan\u00e4le. \u00dcber die Sichtbarkeit der Besucherdaten entscheidet der Besucher der Seiten der Romfil GmbH \u00fcber sein jeweiliges Profil bei den Anbietern der Social Media Dienste selbst.<\/p>\n<p>&nbsp;<\/p>\n","protected":false},"excerpt":{"rendered":"<p>Romfil GmbH Karl-F\u00f6rster-Stra\u00dfe 7 D-55545 Bad Kreuznach Tel.: +49 (0)671-48 33 030 E-Mail: info@romfil.com Internet: www.romfil.com Vertretungsberechtigte Gesch\u00e4ftsf\u00fchrer: Axel Lorei,<\/p>\n<p><a href=\"https:\/\/romfil.com\/cms\/uber-uns\/impressum\/\" class=\"more-link\">Continue reading<span class=\"screen-reader-text\">Impressum \/ Datenschutz<\/span><\/a><\/p>\n","protected":false},"author":1,"featured_media":0,"parent":71247,"menu_order":0,"comment_status":"closed","ping_status":"closed","template":"","meta":{"footnotes":""},"class_list":["post-71249","page","type-page","status-publish","hentry"],"_links":{"self":[{"href":"https:\/\/romfil.com\/cms\/wp-json\/wp\/v2\/pages\/71249","targetHints":{"allow":["GET"]}}],"collection":[{"href":"https:\/\/romfil.com\/cms\/wp-json\/wp\/v2\/pages"}],"about":[{"href":"https:\/\/romfil.com\/cms\/wp-json\/wp\/v2\/types\/page"}],"author":[{"embeddable":true,"href":"https:\/\/romfil.com\/cms\/wp-json\/wp\/v2\/users\/1"}],"replies":[{"embeddable":true,"href":"https:\/\/romfil.com\/cms\/wp-json\/wp\/v2\/comments?post=71249"}],"version-history":[{"count":10,"href":"https:\/\/romfil.com\/cms\/wp-json\/wp\/v2\/pages\/71249\/revisions"}],"predecessor-version":[{"id":71619,"href":"https:\/\/romfil.com\/cms\/wp-json\/wp\/v2\/pages\/71249\/revisions\/71619"}],"up":[{"embeddable":true,"href":"https:\/\/romfil.com\/cms\/wp-json\/wp\/v2\/pages\/71247"}],"wp:attachment":[{"href":"https:\/\/romfil.com\/cms\/wp-json\/wp\/v2\/media?parent=71249"}],"curies":[{"name":"wp","href":"https:\/\/api.w.org\/{rel}","templated":true}]}}